ose -4*t = -o - 0 + 13, -5*o + 2*t + 29 = 0. What is the units digit of (154/10)/(o - (-288)/(-60))?
7
Let z be -23 - -20 - (-3)/(9/1047). Let h = -132 + z. What is the hundreds digit of h?
2
Suppose -17*u + 22*u - 14 = w, -u - 4*w = 14. Let x(q) = -q - 4. Let g be x(-4). Suppose 2*v + 80 = u*d, -2*d - 4*v + g = -110. What is the tens digit of d?
4
Suppose 4*w = 3*i + 14, 0*w - 2*i = 2*w. Suppose -2*d - d + 23 = -w*l, -2*l = -5*d + 17. Let s = 12 - l. What is the units digit of s?
8
Let g(u) = 711*u - 184. Let n be g(7). Suppose -5*v = -j - n, 0*v - 3*v + 2875 = -j. What is the hundreds digit of v?
9
Let w be 4/18 + 112/216*-12. Let l be ((-10)/4 - -1)/(3/w). Suppose -3*s - l*s = -444. What is the tens digit of s?
7
Let q = 12425 + 58. What is the hundreds digit of q?
4
Suppose -15*z = -22*z + 203. Let l = -26 + z. Suppose 3*o - 99 - 87 = -l*g, 2*g + 230 = 4*o. What is the tens digit of o?
5
Let m = 1659 + 4370. Suppose -43*i - 95 = -m. What is the units digit of i?
8
Let a(x) = 2*x**2 + x - 5. Let n be a(-3). Suppose -67 + 17 = -n*s. Suppose -3*z + 445 = 3*c + 4, -s*c = z - 163. What is the units digit of z?
3
Suppose -5*w + 26 + 9 = 0. Suppose y + 5 = 0, k - w = 5*y + 4. Let v(d) = -7*d + 35. What is the tens digit of v(k)?
3
Let t(l) = 68*l**2 + 218*l + 25. What is the thousands digit of t(-13)?
8
Let h(u) = 15324*u + 852. What is the hundreds digit of h(1)?
1
Suppose -10*f - 120621 = -14*f + 3*r, -2*f = 3*r - 60333. What is the thousands digit of f?
0
What is the thousands digit of -2*(-9)/(-5)*(-1120750)/150?
6
Let s(u) = 3*u**2 - 15*u - 52. Let q be s(12). What is the hundreds digit of 3/((-12)/q)*297/(-22)?
6
What is the units digit of (305/20 - 14)*6784?
0
What is the units digit of (-38)/855*-15 - 100808/(-6)?
2
Let d(i) = -31*i**3 - 8*i**2 - 39*i - 245. What is the hundreds digit of d(-6)?
3
Let h(p) = -p**3 - p**2 + 7*p + 7. Let o be h(-3). Suppose 8*d - o*d + 2352 = 0. Let z = d + 838. What is the hundreds digit of z?
2
Let c be 9/(-1)*22/(-99). What is the tens digit of c/(-8) + (-13277)/(-68)?
9
Suppose -7*d = -3*d + 8. Let z be (-1 + d)/((-6)/(-4)). Let l = 64 - z. What is the units digit of l?
6
Let n(c) = 87*c**2 - 15*c + 44. Let g be n(5). Suppose -4*x + 2*f + g = 0, -4 = -5*f + 16. What is the tens digit of x?
3
Suppose 6*k + 1129 = 211. Let u(l) = 13*l - 22. Let d be u(3). Let m = d - k. What is the hundreds digit of m?
1
Let t be 2/4 - (-375)/6. Let y be (-1 + 20/(-6))/(t/(-12663)). Suppose 0*z + z - 202 = 4*j, 0 = -4*z - 5*j + y. What is the tens digit of z?
1
Let d = -1525 - -2670. Let t = d + -506. What is the tens digit of t?
3
Let g be (-8)/(-20)*5 + 434. Suppose -r + 1376 - g = 0. Suppose -3*s = 7*s - r. What is the units digit of s?
4
What is the tens digit of (-7018868)/573*6/(-4) - 9?
6
Suppose 69 - 77 = -4*q, -5*k = -4*q - 7707. What is the hundreds digit of k?
5
Suppose 12 = 6*f - 6. Suppose 7*i - 792 = f*i. Suppose 8*k - i = 5*k. What is the tens digit of k?
6
Let n = 16166 + -10982. What is the units digit of n?
4
Let c(s) = 82*s - 2. Let p be c(3). Suppose 9*u - 4*x - 176 = 6*u, -3*x = -4*u + p. What is the units digit of u?
4
Let m(f) = -58*f**3 - 3*f**2 + f + 2. Suppose 9*u + 8 = -1. Let g be m(u). Let t = g + -5. What is the units digit of t?
1
Let m be 165/((-3)/(-1) - 6/3). Let w = m - 102. What is the tens digit of w?
6
What is the tens digit of ((-60)/510 + 30/(-34))/((-3)/216462)?
5
Suppose 5*v - f = 3*f - 12, f = -2. What is the hundreds digit of ((-30)/v)/(6/492)?
6
Let w = -1671 - -8704. What is the thousands digit of w?
7
Let h = -41914 - -113888. What is the tens digit of h?
7
Suppose -28*j + 5*j = -88780. Suppose -5*u + 37*a + 3850 = 32*a, -5*u = -3*a - j. What is the hundreds digit of u?
7
Suppose -4*g = -5*d + 325, -5*g + 195 = 366*d - 363*d. Let y(b) = 33*b - 2. Let p be y(3). Let t = p - d. What is the tens digit of t?
3
Let j(q) = -4*q + 207. Suppose 2*c + 3*i = -69, 3*c + 3*i - 20 + 131 = 0. What is the units digit of j(c)?
5
What is the units digit of 13 + -24 + 172*(-13517)/(-28)?
2
Let q be (-4 - 1) + 96/(-4). What is the tens digit of (4/8*q)/((-5)/50)?
4
Let c(s) = -2*s - 17. Let r be c(-11). Suppose a - 6 = q, q - 1 - 5 = -r*a. Suppose -4*t + a*y + 206 = 0, 0*y = 4*y - 12. What is the tens digit of t?
5
Let x(g) = 4*g**3 - 36*g**2 + 107*g - 45. What is the tens digit of x(12)?
6
Let z = -1235 + 740. Let s = -231 - z. What is the units digit of s?
4
Suppose -5*r - 30 = -135. Suppose -5*m + 4*p + r = 0, -2*m - 1 = p - 12. What is the tens digit of 3/((-9)/(-30)) - (5 - m)?
1
Let g be (-1 - 1)*(-2 - (-2)/4). Suppose 5*n = 4*j - 2329, -3*n - 1746 = -g*j + n. What is the hundreds digit of j?
5
Let i be (-525885)/(-165) + 4/(-22). Suppose 27*u - 25*u - i = a, a = 5*u - 7960. What is the thousands digit of u?
1
Suppose 417008 + 460020 - 151818 = 47*g. What is the units digit of g?
0
Let x(g) be the second derivative of 37*g**3 + 211*g**2/2 - 130*g. What is the units digit of x(4)?
9
Let p be (-2)/(-2*2/4). Suppose -p*w + 96 = -44. Let a = 139 - w. What is the units digit of a?
9
Suppose -3*l = 4*j - 39743, 4*j + 25*l = 23*l + 39738. What is the hundreds digit of j?
9
Let f be (4/3 + -1)/((-3)/45). Let h be f/(-5*(-2)/(-10)*-1). What is the tens digit of (-1 - 15/10)*92/h?
4
Let z(v) = 295*v**2 + 190*v - 17. What is the thousands digit of z(13)?
2
What is the hundreds digit of 6/(-1) + (2706/6 - -12) + -5?
4
Let h = -13 + 63. Let r = h - -22. What is the units digit of r?
2
Let j(m) = m**2 + 4*m - 23. Suppose -11*h = -27*h + 256. What is the units digit of j(h)?
7
Let u be (0/(-2) + -1)*(-558)/18. Let n(j) = -41 + 77 - 58*j - u*j - 39. What is the units digit of n(-1)?
6
Let k be 14841/18 - (6/4)/(-1). Let v = 1302 - k. What is the tens digit of v?
7
Let l = 40921 - -24542. What is the hundreds digit of l?
4
Let c(u) = 15*u**3 - 2*u**2 - u + 10. Suppose 8*p + 3 - 19 = 0. What is the hundreds digit of c(p)?
1
Suppose 0 = -660*c + 653*c + 270165. Suppose -24*g + c = 7*g. What is the tens digit of g?
4
Suppose 0 = -9*p + 4 + 14. Suppose 0 = l + 5*m - 14, 3*m = -p*l + 4 + 3. What is the units digit of (-1 + 2)/((-4)/(-8)) + l?
1
Let m = -15351 + 32029. What is the ten thousands digit of m?
1
Suppose 4*t = 3*g - 322 + 814, -130 = -t - g. Let l = t - 120. Suppose -4*q + 5*w = -328, -2*w = -4*q - l*w + 364. What is the tens digit of q?
8
Let c be (6/(-2))/((-51)/901) + 3. What is the units digit of 48/c*4396/4?
2
Suppose -6 = -2*j, 5*g - 123109 - 181072 = -2*j. What is the hundreds digit of g?
8
Suppose -219*m = -229*m + 93380. What is the tens digit of m?
3
Suppose 2*k = -2*k, 6*z = 3*z - 2*k + 4557. What is the thousands digit of z?
1
Suppose -13*k + 57739 = -51981. What is the thousands digit of k?
8
Let p(b) = -b**3 - 32*b**2 - 74*b - 17. Suppose -22*z + 18*z - 120 = 0. What is the tens digit of p(z)?
0
Suppose -2*a = -2*w + 12, -a = -4*w - 5*a + 16. Suppose 2*l + 5503 = w*n - 445, -2*n + 2364 = 3*l. What is the tens digit of n?
8
Suppose -2*p + 25905 = 6657. What is the units digit of p/10 + 30/(-75)?
2
Let c be 35/28 - (-1 + 10/8). Let v be (-15)/(-60)*(-1 + c). Suppose v = -5*w - 3*p + 586, 0 - 6 = 2*p. What is the hundreds digit of w?
1
Let d(x) = -3*x + 1. Let h(f) = 229*f - 1. Let o(a) = 6*d(a) + h(a). What is the units digit of o(2)?
7
Suppose -3*h + 104 = 5*z, 4*z = 5*h - 3*h - 62. Suppose h*l = 20*l + 15314. What is the hundreds digit of l?
1
What is the thousands digit of (-12)/(-10) - (-15)/225*87297?
5
Suppose 197 - 12 = -5*c. Let h = c - -61. Suppose 25*n = 21*n + h. What is the units digit of n?
6
Let n = 192 + -172. Suppose -14*s - 396 = -n*s. What is the units digit of s?
6
Let t(i) = -18*i - 3. Let p be t(1). Let k be (-10752)/(-49) + ((-33)/p - 1). What is the units digit of k/28 + (-2)/(-14)?
8
What is the hundreds digit of 3/(-21) - ((-7575)/7 + (46 - 45))?
0
Suppose 176 = -22*b - 242. What is the hundreds digit of (5745/10)/(-4 - b/4)?
7
Suppose -3*p = 5*t - 71477, -20*p - 5*t - 95256 = -24*p. What is the units digit of p?
9
Suppose 5*a = -c + 2, -1 = -2*a + c - 3. Suppose 3*t = -y - t + 254, a = 5*t + 20. What is the tens digit of y?
7
Suppose i - 6 = -2*g + 4*i, 0 = -5*g - 4*i - 8. Suppose g = 6*k - 328 + 40. What is the units digit of k?
8
Let x(u) = 381*u + 2330. W